{"id":9,"date":"2018-07-24T18:13:47","date_gmt":"2018-07-24T22:13:47","guid":{"rendered":"http:\/\/192.168.1.5\/?page_id=9"},"modified":"2022-11-07T09:15:27","modified_gmt":"2022-11-07T12:15:27","slug":"acerca-de","status":"publish","type":"page","link":"https:\/\/nidtec.pol.una.py\/index.php\/acerca-de\/","title":{"rendered":"Acerca de"},"content":{"rendered":"<div class=\"wp-block-image\">\n<figure class=\"alignright size-large is-resized\"><a href=\"https:\/\/nidtec.pol.una.py\/index.php\/about\/\"><img loading=\"lazy\" decoding=\"async\" src=\"https:\/\/nidtec.pol.una.py\/wp-content\/uploads\/2022\/11\/1200px-Flag_of_the_United_States.svg_-1024x539.png\" alt=\"\" class=\"wp-image-1299\" width=\"90\" height=\"60\"\/><\/a><\/figure><\/div>\n\n<p><span style=\"color: #000080;\"><strong>El N\u00facleo de Investigaci\u00f3n y Desarrollo Tecnol\u00f3gico (NIDTEC)<\/strong><\/span> de la Facultad Polit\u00e9cnica de la UNA, es una unidad de investigaci\u00f3n nacida en el a\u00f1o 2011 que aglutina a tres laboratorios, ocho grupos de investigaci\u00f3n y tres programas de posgrado (Maestr\u00eda y Doctorado en Ciencias de la Computaci\u00f3n y la Maestr\u00eda en Tecnolog\u00edas de la Informaci\u00f3n y Comunicaci\u00f3n).<\/p>\n<p>EL NIDTEC cuenta con programas de postdoctorado y proyectos que atraen a investigadores extranjeros y a investigadores paraguayos que actualmente se encuentran en el extranjero y tienen deseos de incorporarse a una instituci\u00f3n de investigaci\u00f3n del Paraguay.<\/p>\n<p>Los grupos de investigaci\u00f3n del NIDTEC lo conforman docentes e investigadores de la FP-UNA, de otras facultades de la Universidad Nacional de Asunci\u00f3n, de universidades p\u00fablicas y privadas del pa\u00eds y de investigadores de instituciones fuera del pa\u00eds.<\/p>\n<p><span style=\"color: #000080;\"><strong>La principal misi\u00f3n del NIDTEC:<\/strong><\/span> es la de desarrollar investigaci\u00f3n cient\u00edfica y tecnol\u00f3gica, generando y promoviendo ciencia en las \u00e1reas de actuaci\u00f3n de los grupos de investigaci\u00f3n que lo conforman. De esta manera se pretende contribuir a la sociedad nacional e internacional con soluciones innovadoras a problemas actuales.<\/p>\n<p>Adem\u00e1s, el NIDTEC realiza servicios especializados en sus \u00e1reas de actuaci\u00f3n como el Computaci\u00f3n de Altas Prestaciones (High Performance Computing), Ciencia de los Materiales, Bioinform\u00e1tica, Ciencia de Datos, Seguridad Computacional, Procesamiento Digital de Im\u00e1genes, Computaci\u00f3n Cient\u00edfica, Inteligencia Artificial, Computaci\u00f3n Cu\u00e1ntica entre otros que por la naturaleza de los mismos son dif\u00edciles de encontrar a nivel local y regional.<\/p>\n<p>El NIDTEC se encuentra f\u00edsicamente en el campus de la Universidad Nacional de Asunci\u00f3n y esta inmerso en la modalidad de Ciencia Abierta. Para m\u00e1s informaci\u00f3n sobre la infraestructura, los laboratorios, los servicios y los investigadores se puede consultar en la p\u00e1gina <a href=\"https:\/\/nidtec.pol.una.py.\">https:\/\/nidtec.pol.una.py. <\/a><\/p>\n<p><span style=\"color: #000080;\"><strong>Los grupos de Investigaci\u00f3n que forman parte del NIDTEC son:<\/strong><\/span><\/p>\n<ul>\n<li><a href=\"https:\/\/www.pol.una.py\/investigacion\/grupos-de-investigacion\/algoritmo-y-optimizacion-a-y-o\/\" target=\"_blank\" rel=\"noopener\">Algoritmo y Optimizaci\u00f3n<\/a><\/li>\n<li><a href=\"https:\/\/gbioinformatica.wordpress.com\/\">Bioinform\u00e1tica<\/a><\/li>\n<li><a href=\"https:\/\/bioymatpy.wixsite.com\/labioymat\">Bio y Materiales<\/a><\/li>\n<li><a href=\"https:\/\/nidtec.pol.una.py\/ccyma\/\">Computaci\u00f3n Cient\u00edfica y Matem\u00e1tica Aplicada<\/a><\/li>\n<li><a href=\"https:\/\/www.pol.una.py\/investigacion\/grupos-de-investigacion\/grupo-de-investigacion-de-operaciones-e-inteligencia-artificial-gioia\/\">Operaciones e Inteligencia Artificial<\/a><\/li>\n<li><a href=\"https:\/\/www.pol.una.py\/investigacion\/grupos-de-investigacion\/grupo-de-investigacion-en-procesamiento-digital-de-imagenes-gpdi\/\">Procesamiento Digital de Im\u00e1genes<\/a><\/li>\n<li><a href=\"https:\/\/www.pol.una.py\/investigacion\/grupos-de-investigacion\/grupo-de-investigacion-en-tecnologia-de-la-informacion-giti\/\">Tecnolog\u00edas de la Informaci\u00f3n<\/a><\/li>\n<li><a href=\"https:\/\/www.pol.una.py\/investigacion\/grupos-de-investigacion\/grupo-de-investigacion-en-teoria-de-la-computacion-gitoc\/\">Teor\u00eda de la Computaci\u00f3n<\/a><\/li>\n<\/ul>\n<p><span style=\"color: #000080;\"><strong>A continuaci\u00f3n algunos de los equipamientos relevantes que posee el NIDTEC en sus instalaciones:<\/strong><\/span><\/p>\n<ul>\n<li><a href=\"http:\/\/cluster.cc.pol.una.py\">Cluster de Computaci\u00f3n Cient\u00edfica<\/a><\/li>\n<li><a href=\"https:\/\/bioymatpy.wixsite.com\/labioymat\/copia-de-inicio\">Microscopio electr\u00f3nico de Barrido(MEB)<\/a><\/li>\n<li>Espectr\u00f3metro de absorci\u00f3n at\u00f3mica<\/li>\n<li>Espectrofot\u00f3metro de emisi\u00f3n \u00f3ptica<\/li>\n<li>Microcentr\u00edfuga de alta velocidad refrigerada<\/li>\n<li>Centr\u00edfuga de mesa refrigerada<\/li>\n<\/ul>\n<p><span style=\"color: #000080;\"><strong>Coordinaci\u00f3n actual del NIDTEC:<\/strong><\/span> Dr. Cristian Cappo. Email: <a href=\"mailto:ccappo@pol.una.py\">ccappo@pol.una.py<\/a><\/p>\n<div class=\"entry-content\">&nbsp;<\/div>","protected":false},"excerpt":{"rendered":"<p>El N\u00facleo de Investigaci\u00f3n y Desarrollo Tecnol\u00f3gico (NIDTEC) de la Facultad Polit\u00e9cnica de la UNA, es una unidad de investigaci\u00f3n nacida en el a\u00f1o 2011 que aglutina a tres laboratorios, ocho grupos de investigaci\u00f3n y tres programas de posgrado (Maestr\u00eda <a href=\"https:\/\/nidtec.pol.una.py\/index.php\/acerca-de\/\" class=\"read-more\">Leer m\u00e1s&#8230;<\/a><\/p>\n","protected":false},"author":1,"featured_media":0,"parent":0,"menu_order":0,"comment_status":"closed","ping_status":"closed","template":"","meta":{"footnotes":""},"class_list":["post-9","page","type-page","status-publish","hentry"],"_links":{"self":[{"href":"https:\/\/nidtec.pol.una.py\/index.php\/wp-json\/wp\/v2\/pages\/9","targetHints":{"allow":["GET"]}}],"collection":[{"href":"https:\/\/nidtec.pol.una.py\/index.php\/wp-json\/wp\/v2\/pages"}],"about":[{"href":"https:\/\/nidtec.pol.una.py\/index.php\/wp-json\/wp\/v2\/types\/page"}],"author":[{"embeddable":true,"href":"https:\/\/nidtec.pol.una.py\/index.php\/wp-json\/wp\/v2\/users\/1"}],"replies":[{"embeddable":true,"href":"https:\/\/nidtec.pol.una.py\/index.php\/wp-json\/wp\/v2\/comments?post=9"}],"version-history":[{"count":8,"href":"https:\/\/nidtec.pol.una.py\/index.php\/wp-json\/wp\/v2\/pages\/9\/revisions"}],"predecessor-version":[{"id":1301,"href":"https:\/\/nidtec.pol.una.py\/index.php\/wp-json\/wp\/v2\/pages\/9\/revisions\/1301"}],"wp:attachment":[{"href":"https:\/\/nidtec.pol.una.py\/index.php\/wp-json\/wp\/v2\/media?parent=9"}],"curies":[{"name":"wp","href":"https:\/\/api.w.org\/{rel}","templated":true}]}}